[INFO] cloning repository https://github.com/Nertsal/gmtk2021
[INFO] running `Command { std: "git" "-c" "credential.helper=" "-c" "credential.helper=/workspace/cargo-home/bin/git-credential-null" "clone" "--bare" "https://github.com/Nertsal/gmtk2021" "/workspace/cache/git-repos/https%3A%2F%2Fgithub.com%2FNertsal%2Fgmtk2021", kill_on_drop: false }`
[INFO] [stderr] Cloning into bare repository '/workspace/cache/git-repos/https%3A%2F%2Fgithub.com%2FNertsal%2Fgmtk2021'...
[INFO] running `Command { std: "git" "rev-parse" "HEAD", kill_on_drop: false }`
[INFO] [stdout] 084d0f176fe03049732418e9ebc429d4668bb669
[INFO] checking Nertsal/gmtk2021 against master#e6e4f7ed1589e03bc2f6c5931c1a72e7947e8682 for beta-170-4
[INFO] running `Command { std: "git" "clone" "/workspace/cache/git-repos/https%3A%2F%2Fgithub.com%2FNertsal%2Fgmtk2021" "/workspace/builds/worker-0-tc2/source", kill_on_drop: false }`
[INFO] [stderr] Cloning into '/workspace/builds/worker-0-tc2/source'...
[INFO] [stderr] done.
[INFO] validating manifest of git repo https://github.com/Nertsal/gmtk2021 on toolchain e6e4f7ed1589e03bc2f6c5931c1a72e7947e8682
[INFO] running `Command { std: CARGO_HOME="/workspace/cargo-home" RUSTUP_HOME="/workspace/rustup-home" "/workspace/cargo-home/bin/cargo" "+e6e4f7ed1589e03bc2f6c5931c1a72e7947e8682" "metadata" "--manifest-path" "Cargo.toml" "--no-deps", kill_on_drop: false }`
[INFO] started tweaking git repo https://github.com/Nertsal/gmtk2021
[INFO] finished tweaking git repo https://github.com/Nertsal/gmtk2021
[INFO] tweaked toml for git repo https://github.com/Nertsal/gmtk2021 written to /workspace/builds/worker-0-tc2/source/Cargo.toml
[INFO] running `Command { std: CARGO_HOME="/workspace/cargo-home" RUSTUP_HOME="/workspace/rustup-home" __CARGO_TEST_CHANNEL_OVERRIDE_DO_NOT_USE_THIS="nightly" "/workspace/cargo-home/bin/cargo" "+e6e4f7ed1589e03bc2f6c5931c1a72e7947e8682" "generate-lockfile" "--manifest-path" "Cargo.toml" "-Zno-index-update", kill_on_drop: false }`
[INFO] running `Command { std: CARGO_HOME="/workspace/cargo-home" RUSTUP_HOME="/workspace/rustup-home" "/workspace/cargo-home/bin/cargo" "+e6e4f7ed1589e03bc2f6c5931c1a72e7947e8682" "fetch" "--manifest-path" "Cargo.toml", kill_on_drop: false }`
[INFO] running `Command { std: "docker" "create" "-v" "/var/lib/crater-agent-workspace/builds/worker-0-tc2/target:/opt/rustwide/target:rw,Z" "-v" "/var/lib/crater-agent-workspace/builds/worker-0-tc2/source:/opt/rustwide/workdir:ro,Z" "-v" "/var/lib/crater-agent-workspace/cargo-home:/opt/rustwide/cargo-home:ro,Z" "-v" "/var/lib/crater-agent-workspace/rustup-home:/opt/rustwide/rustup-home:ro,Z" "-e" "SOURCE_DIR=/opt/rustwide/workdir" "-e" "CARGO_TARGET_DIR=/opt/rustwide/target" "-e" "CARGO_HOME=/opt/rustwide/cargo-home" "-e" "RUSTUP_HOME=/opt/rustwide/rustup-home" "-w" "/opt/rustwide/workdir" "-m" "1610612736" "--user" "0:0" "--network" "none" "ghcr.io/rust-lang/crates-build-env/linux@sha256:19e73879b68f455e41552ea35293514db52ea292d993f571636dbffedb77a1ee" "/opt/rustwide/cargo-home/bin/cargo" "+e6e4f7ed1589e03bc2f6c5931c1a72e7947e8682" "metadata" "--no-deps" "--format-version=1", kill_on_drop: false }`
[INFO] [stdout] 844bc82d01f0b15f215c7e25fe6ab702aabe9dfce5ad12e903ff3c6f5ba5f5a5
[INFO] running `Command { std: "docker" "start" "-a" "844bc82d01f0b15f215c7e25fe6ab702aabe9dfce5ad12e903ff3c6f5ba5f5a5", kill_on_drop: false }`
[INFO] running `Command { std: "docker" "inspect" "844bc82d01f0b15f215c7e25fe6ab702aabe9dfce5ad12e903ff3c6f5ba5f5a5", kill_on_drop: false }`
[INFO] running `Command { std: "docker" "rm" "-f" "844bc82d01f0b15f215c7e25fe6ab702aabe9dfce5ad12e903ff3c6f5ba5f5a5", kill_on_drop: false }`
[INFO] [stdout] 844bc82d01f0b15f215c7e25fe6ab702aabe9dfce5ad12e903ff3c6f5ba5f5a5
[INFO] running `Command { std: "docker" "create" "-v" "/var/lib/crater-agent-workspace/builds/worker-0-tc2/target:/opt/rustwide/target:rw,Z" "-v" "/var/lib/crater-agent-workspace/builds/worker-0-tc2/source:/opt/rustwide/workdir:ro,Z" "-v" "/var/lib/crater-agent-workspace/cargo-home:/opt/rustwide/cargo-home:ro,Z" "-v" "/var/lib/crater-agent-workspace/rustup-home:/opt/rustwide/rustup-home:ro,Z" "-e" "SOURCE_DIR=/opt/rustwide/workdir" "-e" "CARGO_TARGET_DIR=/opt/rustwide/target" "-e" "CARGO_INCREMENTAL=0" "-e" "RUST_BACKTRACE=full" "-e" "RUSTFLAGS=--cap-lints=forbid" "-e" "RUSTDOCFLAGS=--cap-lints=forbid" "-e" "CARGO_HOME=/opt/rustwide/cargo-home" "-e" "RUSTUP_HOME=/opt/rustwide/rustup-home" "-w" "/opt/rustwide/workdir" "-m" "1610612736" "--user" "0:0" "--network" "none" "ghcr.io/rust-lang/crates-build-env/linux@sha256:19e73879b68f455e41552ea35293514db52ea292d993f571636dbffedb77a1ee" "/opt/rustwide/cargo-home/bin/cargo" "+e6e4f7ed1589e03bc2f6c5931c1a72e7947e8682" "check" "--frozen" "--all" "--all-targets" "--message-format=json", kill_on_drop: false }`
[INFO] [stdout] be4455fd9c2942e9dcd3aa0f71e3b97fcb4f171793acc156e4df80e0999d88da
[INFO] running `Command { std: "docker" "start" "-a" "be4455fd9c2942e9dcd3aa0f71e3b97fcb4f171793acc156e4df80e0999d88da", kill_on_drop: false }`
[INFO] [stderr]    Compiling libc v0.2.144
[INFO] [stderr]    Compiling proc-macro2 v1.0.59
[INFO] [stderr]    Compiling unicode-ident v1.0.9
[INFO] [stderr]    Compiling quote v1.0.28
[INFO] [stderr]    Compiling pkg-config v0.3.27
[INFO] [stderr]    Compiling thiserror v1.0.40
[INFO] [stderr]    Compiling num-traits v0.2.15
[INFO] [stderr]    Compiling num-iter v0.1.43
[INFO] [stderr]     Checking tinyvec_macros v0.1.1
[INFO] [stderr]     Checking ogg v0.8.0
[INFO] [stderr]     Checking ahash v0.4.7
[INFO] [stderr]    Compiling miniquad v0.3.16
[INFO] [stderr]     Checking ttf-parser v0.12.3
[INFO] [stderr]     Checking bytemuck v1.13.1
[INFO] [stderr]     Checking hound v3.5.0
[INFO] [stderr]     Checking quad-rand v0.2.1
[INFO] [stderr]     Checking tinyvec v1.6.0
[INFO] [stderr]     Checking bumpalo v3.13.0
[INFO] [stderr]    Compiling macroquad_macro v0.1.7
[INFO] [stderr]     Checking glam v0.14.0
[INFO] [stderr]     Checking hashbrown v0.9.1
[INFO] [stderr]    Compiling alsa-sys v0.3.1
[INFO] [stderr]     Checking fontdue v0.5.2
[INFO] [stderr]     Checking lewton v0.10.2
[INFO] [stderr]    Compiling syn v2.0.18
[INFO] [stderr]     Checking num-integer v0.1.45
[INFO] [stderr]     Checking num-rational v0.3.2
[INFO] [stderr]     Checking image v0.23.14
[INFO] [stderr]     Checking nix v0.23.2
[INFO] [stderr]     Checking parking_lot_core v0.8.6
[INFO] [stderr]     Checking parking_lot v0.11.2
[INFO] [stderr]    Compiling thiserror-impl v1.0.40
[INFO] [stderr]     Checking alsa v0.6.0
[INFO] [stderr]     Checking cpal v0.13.5
[INFO] [stderr]     Checking rodio v0.13.1
[INFO] [stderr]     Checking macroquad v0.3.7
[INFO] [stdout] error[E0433]: failed to resolve: could not find `clipboard` in `miniquad`
[INFO] [stdout]     --> /opt/rustwide/cargo-home/registry/src/index.crates.io-6f17d22bba15001f/macroquad-0.3.7/src/ui.rs:1299:23
[INFO] [stdout]      |
[INFO] [stdout] 1299 |             miniquad::clipboard::get(ctx)
[INFO] [stdout]      |                       ^^^^^^^^^ could not find `clipboard` in `miniquad`
[INFO] [stdout] 
[INFO] [stdout] 
[INFO] [stdout] error[E0433]: failed to resolve: could not find `clipboard` in `miniquad`
[INFO] [stdout]     --> /opt/rustwide/cargo-home/registry/src/index.crates.io-6f17d22bba15001f/macroquad-0.3.7/src/ui.rs:1307:23
[INFO] [stdout]      |
[INFO] [stdout] 1307 |             miniquad::clipboard::set(ctx, data)
[INFO] [stdout]      |                       ^^^^^^^^^ could not find `clipboard` in `miniquad`
[INFO] [stdout] 
[INFO] [stdout] 
[INFO] [stdout] error[E0405]: cannot find trait `EventHandlerFree` in this scope
[INFO] [stdout]    --> /opt/rustwide/cargo-home/registry/src/index.crates.io-6f17d22bba15001f/macroquad-0.3.7/src/lib.rs:392:6
[INFO] [stdout]     |
[INFO] [stdout] 392 | impl EventHandlerFree for Stage {
[INFO] [stdout]     |      ^^^^^^^^^^^^^^^^ help: a trait with a similar name exists: `EventHandler`
[INFO] [stdout]     |
[INFO] [stdout]    ::: /opt/rustwide/cargo-home/registry/src/index.crates.io-6f17d22bba15001f/miniquad-0.3.16/src/event.rs:160:1
[INFO] [stdout]     |
[INFO] [stdout] 160 | pub trait EventHandler {
[INFO] [stdout]     | ---------------------- similarly named trait `EventHandler` defined here
[INFO] [stdout] 
[INFO] [stdout] 
[INFO] [stdout] error[E0433]: failed to resolve: use of undeclared type `UserData`
[INFO] [stdout]    --> /opt/rustwide/cargo-home/registry/src/index.crates.io-6f17d22bba15001f/macroquad-0.3.7/src/lib.rs:662:17
[INFO] [stdout]     |
[INFO] [stdout] 662 |                 UserData::free(Stage {})
[INFO] [stdout]     |                 ^^^^^^^^ use of undeclared type `UserData`
[INFO] [stdout] 
[INFO] [stdout] 
[INFO] [stdout] error: aborting due to 4 previous errors
[INFO] [stdout] 
[INFO] [stdout] 
[INFO] [stdout] Some errors have detailed explanations: E0405, E0433.
[INFO] [stdout] 
[INFO] [stdout] For more information about an error, try `rustc --explain E0405`.
[INFO] [stdout] 
[INFO] [stderr] error: could not compile `macroquad` (lib) due to 5 previous errors
[INFO] running `Command { std: "docker" "inspect" "be4455fd9c2942e9dcd3aa0f71e3b97fcb4f171793acc156e4df80e0999d88da", kill_on_drop: false }`
[INFO] running `Command { std: "docker" "rm" "-f" "be4455fd9c2942e9dcd3aa0f71e3b97fcb4f171793acc156e4df80e0999d88da", kill_on_drop: false }`
[INFO] [stdout] be4455fd9c2942e9dcd3aa0f71e3b97fcb4f171793acc156e4df80e0999d88da
